 factor of 16209?
False
Is 8303 a multiple of 140?
False
Is 16830 a multiple of 165?
True
Is 115 a factor of 4485?
True
Is 2618 a multiple of 46?
False
Does 61 divide 11773?
True
Is 435 a multiple of 10?
False
Is 97 a factor of 1358?
True
Does 5 divide 5?
True
Does 16 divide 525?
False
Is 432 a multiple of 4?
True
Is 726 a multiple of 6?
True
Is 28 a factor of 224?
True
Is 2024 a multiple of 15?
False
Is 604 a multiple of 2?
True
Is 527 a multiple of 9?
False
Does 7 divide 125?
False
Is 1206 a multiple of 134?
True
Is 29 a factor of 2169?
False
Is 11 a factor of 9515?
True
Does 14 divide 14?
True
Is 39 a factor of 80925?
True
Does 16 divide 2048?
True
Is 151 a factor of 38174?
False
Does 62 divide 1770?
False
Does 13 divide 6245?
False
Does 66 divide 2517?
False
Is 9 a factor of 37189?
False
Is 3369 a multiple of 23?
False
Does 16 divide 16?
True
Is 28 a factor of 4172?
True
Is 72 a factor of 1079?
False
Is 106 a factor of 2968?
True
Does 81 divide 32238?
True
Does 27 divide 8451?
True
Is 22 a factor of 3476?
True
Is 220 a multiple of 7?
False
Is 35 a factor of 4970?
True
Does 97 divide 3163?
False
Is 32 a factor of 10240?
True
Does 7 divide 2891?
True
Is 17 a factor of 428?
False
Does 20 divide 5087?
False
Is 49 a factor of 5615?
False
Is 8 a factor of 776?
True
Does 4 divide 597?
False
Is 5551 a multiple of 34?
False
Is 4 a factor of 2164?
True
Is 161 a multiple of 6?
False
Does 249 divide 14671?
False
Is 1754 a multiple of 12?
False
Is 3444 a multiple of 123?
True
Is 17 a factor of 5457?
True
Is 550 a multiple of 55?
True
Is 54300 a multiple of 100?
True
Does 187 divide 3553?
True
Is 93 a factor of 2511?
True
Does 5 divide 1392?
False
Is 12 a factor of 1000?
False
Is 20844 a multiple of 36?
True
Does 56 divide 3314?
False
Does 103 divide 5974?
True
Is 6 a factor of 50?
False
Is 36630 a multiple of 7?
False
Is 38354 a multiple of 10?
False
Does 3 divide 585?
True
Is 22 a factor of 2776?
False
Does 51 divide 2061?
False
Does 15 divide 2344?
False
Does 31 divide 553?
False
Does 135 divide 31314?
False
Does 41 divide 7585?
True
Is 25 a factor of 750?
True
Does 6 divide 132?
True
Does 134 divide 2680?
True
Does 8 divide 137?
False
Is 6237 a multiple of 77?
True
Is 53 a factor of 10441?
True
Is 204 a multiple of 66?
False
Does 182 divide 37310?
True
Is 81 a factor of 7857?
True
Is 7076 a multiple of 122?
True
Is 4970 a multiple of 14?
True
Is 26082 a multiple of 106?
False
Is 13 a factor of 204633?
True
Is 40 a factor of 4600?
True
Is 307 a factor of 21183?
True
Is 87 a factor of 1914?
True
Is 3 a factor of 23?
False
Does 50 divide 1150?
True
Is 90 a factor of 2280?
False
Does 17 divide 31501?
True
Is 329 a multiple of 8?
False
Is 2 a factor of 95?
False
Does 3 divide 1599?
True
Does 76 divide 167?
False
Is 2599 a multiple of 23?
True
Is 36 a factor of 40556?
False
Is 84 a factor of 1054?
False
Does 6 divide 3286?
False
Does 7 divide 2422?
True
Is 48 a factor of 921?
False
Does 30 divide 844?
False
Is 15736 a multiple of 28?
True
Is 57 a factor of 2724?
False
Does 3 divide 1071?
True
Does 5 divide 1115?
True
Is 18 a factor of 63072?
True
Is 330 even?
True
Is 75 a multiple of 8?
False
Does 5 divide 1194?
False
Is 26964 a multiple of 14?
True
Is 1872 a multiple of 12?
True
Does 13 divide 689?
True
Is 27 a factor of 4914?
True
Does 106 divide 106?
True
Is 814 a multiple of 11?
True
Does 28 divide 1341?
False
Is 29658 a multiple of 95?
False
Does 13 divide 5864?
False
Is 152 a multiple of 6?
False
Is 39 a factor of 5928?
True
Is 49 a factor of 4067?
True
Does 4 divide 193?
False
Is 25 a factor of 450?
True
Is 879 a multiple of 26?
False
Is 18 a factor of 6354?
True
Is 25936 a multiple of 16?
True
Is 45 a factor of 135?
True
Is 3213 a multiple of 17?
True
Is 9 a factor of 4176?
True
Is 4 a factor of 684?
True
Is 824 a multiple of 34?
False
Is 99 a multiple of 4?
False
Does 31 divide 6417?
True
Is 1189 a multiple of 3?
False
Does 46 divide 4104?
False
Is 22073 a multiple of 120?
False
Is 1765 a multiple of 16?
False
Is 1850 a multiple of 57?
False
Does 40 divide 77240?
True
Does 23 divide 2806?
True
Is 23 a factor of 12266?
False
Is 2520 a multiple of 9?
True
Is 52300 a multiple of 24?
False
Does 25 divide 1072?
False
Is 66969 a multiple of 21?
True
Is 173 a factor of 4763?
False
Is 156 a factor of 988?
False
Is 9 a factor of 1530?
True
Is 1757 a multiple of 5?
False
Is 37378 a multiple of 22?
True
Is 17 a factor of 24653?
False
Does 82 divide 19106?
True
Does 9 divide 90?
True
Is 87 a factor of 1424?
False
Is 4 a factor of 5744?
True
Is 12 a factor of 28164?
True
Does 49 divide 15631?
True
Is 17 a factor of 615?
False
Is 42 a factor of 2920?
False
Is 3 a factor of 1862?
False
Does 58 divide 3364?
True
Is 7776 a multiple of 108?
True
Is 58 a factor of 28826?
True
Does 59 divide 6432?
False
Does 31 divide 217?
True
Is 108 a factor of 37692?
True
Does 17 divide 21537?
False
Is 746 a multiple of 3?
False
Is 17 a factor of 1473?
False
Does 40 divide 200?
True
Is 37 a factor of 2627?
True
Is 1224 a multiple of 8?
True
Is 7589 a multiple of 122?
False
Is 404 a multiple of 8?
False
Is 83538 a multiple of 17?
True
Does 3 divide 16118?
False
Is 55 a factor of 16115?
True
Does 12 divide 1128?
True
Is 108000 a multiple of 54?
True
Is 263 a multiple of 3?
False
Is 1664 a multiple of 52?
True
Is 17 a factor of 107148?
False
Is 9 a factor of 30611?
False
Does 42 divide 13608?
True
Is 12 a factor of 3276?
True
Does 51 divide 816?
True
Does 10 divide 26234?
False
Is 370 a multiple of 15?
False
Is 45 a factor of 4334?
False
Does 87 divide 491?
False
Is 6417 even?
False
Is 38 a factor of 6826?
False
Is 3028 a multiple of 9?
False
Does 8 divide 379?
False
Is 2 a factor of 1131?
False
Is 2958 a multiple of 29?
True
Is 21 a factor of 114072?
True
Does 50 divide 5371?
False
Does 14 divide 90?
False
Is 33485 a multiple of 185?
True
Is 1156 a multiple of 68?
True
Is 26 a factor of 9228?
False
Does 8 divide 1128?
True
Is 142 a factor of 77390?
True
Does 16 divide 946?
False
Is 962 a multiple of 13?
True
Is 204 a multiple of 44?
False
Is 1353 a multiple of 8?
False
Does 3 divide 68?
False
Does 11 divide 122375?
True
Is 10 a factor of 98?
False
Is 102 a factor of 4692?
True
Is 1005 a multiple of 30?
False
Is 56049 a multiple of 17?
True
Is 6647 a multiple of 17?
True
Does 2 divide 647?
False
Is 44 a factor of 49412?
True
Does 10 divide 1898?
False
Does 13 divide 685?
False
Does 78 divide 1225?
False
Is 80 a factor of 10880?
True
Is 11704 a multiple of 19?
True
Is 36 a factor of 47131?
False
Does 30 divide 1589?
False
Is 4666 a multiple of 7?
False
Does 66 divide 1914?
True
Does 27 divide 860?
False
Does 139 divide 3482?
False
Is 51 a factor of 26943?
False
Is 8 a factor of 2039?
False
Does 42 divide 1176?
True
Is 87 a factor of 11397?
True
Is 1782 a multiple of 27?
True
Is 8 a factor of 8146?
False
Is 37 a factor of 37290?
False
Is 4480 a multiple of 35?
True
Is 5135 a multiple of 79?
True
Does 20 divide 1220?
True
Is 49 a factor of 35672?
True
Is 55 a factor of 7150?
True
Does 15 divide 1622?
False
Does 30 divide 11504?
False
Is 7 a factor of 3280?
False
Does 109 divide 545?
True
Does 20 divide 2699?
False
Is 34875 a multiple of 9?
True
Is 52 a multiple of 13?
True
Is 12 a factor of 4092?
True
Is 6014 a multiple of 62?
True
Does 9 divide 591?
False
Does 241 divide 5197?
False
Is 4 a factor of 6741?
False
Does 4 divide 292?
True
Does 33 divide 436?
False
Is 2459 a multiple of 17?
False
Does 25 divide 450?
True
Is 14 a factor of 21892?
False
Is 64 a factor of 1088?
True
Is 785 a multiple of 18?
False
Is 18427 a multiple of 14?
False
Is 470 a multiple of 5?
True
Is 117 a factor of 7839?
True
Does 67 divide 143?
False
Does 9 divide 11923?
False
Is 17 a factor of 1207?
True
Does 17 divide 6919?
True
Is 30 a factor of 420?
True
Is 34 a factor of 1365?
False
Is 34 a factor of 839?
False
Does 19 divide 5974?
False
Is 1200 a multiple of 120?
True
Is 13 a factor of 3574?
False
Is 25254 a multiple of 23?
True
Is 3468 a multiple of 20?
False
Does 384 divide 100224?
True
Does 10 divide 18021?
False
Is 14 a factor of 1792?
True
Does 5 divide 620?
True
Is 27 a factor of 49?
False
Is 525 a multiple of 40?
False
Is 264 even?
True
Does 12 divide 1245?
False
Is 4 a factor of 2430?
False
Does